 divide 4219046840?
True
Is 42450660 a multiple of 12?
True
Does 135 divide 579464293?
False
Does 371 divide 1100013887?
True
Does 7830 divide 102100293?
False
Does 183 divide 111880681?
False
Does 130 divide 13402220?
True
Is 72326600 a multiple of 1466?
False
Is 148 a factor of 271824496?
True
Does 55 divide 269335?
True
Is 542 a factor of 777865444?
False
Is 1474 a factor of 2798387526?
True
Is 107 a factor of 31221108?
False
Is 861 a factor of 15435321?
False
Is 79521478 a multiple of 299?
False
Does 6361 divide 1239879759?
True
Is 626 a factor of 350799758?
True
Is 23955680 a multiple of 5?
True
Is 89939598 a multiple of 4406?
False
Is 832 a factor of 212179136?
True
Is 527 a factor of 2202069?
False
Does 115 divide 1595983110?
True
Is 356 a factor of 12966944?
True
Is 1947308 a multiple of 4?
True
Is 278573389 a multiple of 33?
False
Is 7517494 a multiple of 2?
True
Is 427 a factor of 148714043?
False
Is 38 a factor of 1635492295?
False
Is 1946 a factor of 88887442?
True
Is 255 a factor of 3370590?
True
Is 954 a factor of 14180256?
True
Is 554286370 a multiple of 6?
False
Does 91 divide 1839669753?
False
Does 65 divide 333251563?
False
Is 49835695 a multiple of 140?
False
Is 17 a factor of 1239919446?
True
Is 67 a factor of 82010814?
True
Is 399 a factor of 29899657?
False
Does 376 divide 5051560?
True
Is 114362360 a multiple of 115?
False
Is 86918304 a multiple of 132?
True
Is 62547915 a multiple of 984?
False
Does 2272 divide 48783669?
False
Is 1139806 even?
True
Does 13 divide 1108527845?
False
Is 103464397 a multiple of 18?
False
Is 286915480 a multiple of 164?
False
Is 18818775 a multiple of 75?
True
Is 1073 a factor of 51267349?
False
Does 196 divide 38457411?
False
Does 49 divide 17583288?
False
Is 1464278700 a multiple of 4218?
True
Is 17 a factor of 615995986?
True
Does 15 divide 433123665?
True
Is 259 a factor of 163469922?
True
Is 37 a factor of 159437488?
False
Is 2285443273 a multiple of 264?
False
Is 117 a factor of 74165598?
True
Does 2658 divide 43816039?
False
Is 2164320759 a multiple of 15?
False
Does 15 divide 370910794?
False
Is 3426 a factor of 1532840364?
True
Is 12 a factor of 176545440?
True
Does 114 divide 119220402?
True
Is 24527096 a multiple of 8?
True
Is 48 a factor of 139178496?
True
Is 26639302 a multiple of 2284?
False
Is 701 a factor of 25353316?
False
Is 2059776 a multiple of 192?
True
Is 234 a factor of 35397882?
True
Is 417039966 a multiple of 413?
True
Is 1993181778 a multiple of 4137?
True
Is 263798922 a multiple of 9?
False
Is 32112780 a multiple of 70?
True
Is 1734608 a multiple of 1046?
False
Is 24492869 a multiple of 163?
True
Does 7 divide 197366420?
False
Does 38 divide 77887637?
False
Is 246 a factor of 83357982?
False
Is 5563068 a multiple of 3?
True
Is 87 a factor of 10417206?
True
Is 297093641 a multiple of 79?
True
Is 98718968 a multiple of 83?
False
Does 75 divide 27751500?
True
Is 13 a factor of 3278360?
False
Does 14 divide 28124600?
True
Is 154395979 even?
False
Does 37 divide 390948206?
False
Is 4827655 even?
False
Does 14 divide 6211646?
True
Is 1075 a factor of 18781915?
False
Does 29 divide 743452121?
False
Is 26081432 a multiple of 808?
True
Is 62071646 a multiple of 3107?
True
Does 536 divide 96891128?
False
Is 60 a factor of 66120748?
False
Does 13 divide 308904512?
False
Is 579482577 a multiple of 7?
False
Is 20 a factor of 3739440974?
False
Is 69273987 a multiple of 415?
False
Is 166800358 a multiple of 116?
False
Is 432852891 a multiple of 2?
False
Is 158 a factor of 6744525146?
False
Is 6 a factor of 10785810?
True
Is 42 a factor of 46421727?
False
Does 27 divide 387891612?
True
Is 8 a factor of 130222528?
True
Is 551973826 a multiple of 1019?
False
Does 30 divide 271125?
False
Is 6525 a factor of 3264561900?
True
Is 49550450 a multiple of 64?
False
Is 594 a factor of 32646507?
False
Is 181 a factor of 141629966?
True
Is 38496116 a multiple of 4?
True
Is 65 a factor of 18221905?
True
Is 59 a factor of 12203678?
True
Does 125 divide 94251125?
True
Is 58 a factor of 1673812894?
True
Is 1704568 a multiple of 8?
True
Is 39605072 a multiple of 222?
False
Does 60 divide 49479900?
True
Is 28 a factor of 67155809?
False
Is 4968003038 a multiple of 1942?
True
Does 16 divide 67210391?
False
Is 402 a factor of 1285627085?
False
Is 9 a factor of 34500078?
True
Does 536 divide 87811272?
True
Is 14 a factor of 51463460?
False
Is 358035230 a multiple of 61?
True
Is 64123335 a multiple of 4650?
False
Is 192428580 a multiple of 190?
True
Does 16 divide 1652474435?
False
Is 380143260 a multiple of 1596?
True
Is 60 a factor of 2187601200?
True
Is 592 a factor of 43301101?
False
Is 8744 a factor of 4928712992?
True
Is 11634114 a multiple of 136?
False
Is 2665260 a multiple of 9?
True
Is 4187425 a multiple of 25?
True
Is 1172 a factor of 19989632?
True
Is 631 a factor of 237576548?
True
Is 18 a factor of 44354160?
True
Is 165462049 a multiple of 198?
False
Is 1068261737 a multiple of 226?
False
Does 212 divide 15257216?
True
Does 229 divide 216278134?
True
Is 67729895 a multiple of 40?
False
Is 4740679 a multiple of 59?
False
Is 237 a factor of 48210540?
True
Does 1635 divide 5139349173?
False
Is 1261797674 a multiple of 35?
False
Does 115 divide 94268528?
False
Is 18682099 a multiple of 26?
False
Is 1062433648 a multiple of 1099?
False
Is 30301230 a multiple of 15?
True
Does 2 divide 56920175?
False
Is 43763821 a multiple of 6?
False
Does 104 divide 8478704?
True
Is 9 a factor of 9156699?
True
Does 40 divide 586639867?
False
Is 59870395 a multiple of 698?
False
Is 16009831 a multiple of 2?
False
Is 58 a factor of 10909688?
False
Is 2173437708 a multiple of 26?
True
Is 136065124 a multiple of 26?
True
Is 27 a factor of 522811867?
False
Is 550 a factor of 22437250?
True
Is 3588131 a multiple of 3?
False
Is 7729 a factor of 3206343442?
False
Is 20477605 a multiple of 5?
True
Is 32775831 a multiple of 33?
True
Does 10 divide 602881534?
False
Is 3332 a factor of 933033304?
True
Does 82 divide 48487690?
False
Is 34 a factor of 277841336?
True
Is 197005920 a multiple of 48?
True
Is 8 a factor of 86412288?
True
Does 176 divide 98786688?
True
Is 87 a factor of 39761881?
False
Does 547 divide 16975804?
False
Does 56 divide 98390656?
True
Is 32 a factor of 147200790?
False
Is 36919206 a multiple of 4454?
True
Does 253 divide 17932640?
True
Is 316511304 a multiple of 186?
False
Is 411 a factor of 1863092181?
True
Is 14 a factor of 1659823116?
True
Is 1606702891 a multiple of 151?
False
Is 3388 a factor of 305959559?
False
Is 8636672 a multiple of 704?
True
Is 782047840 a multiple of 279?
False
Is 130 a factor of 92547910?
True
Is 258 a factor of 272504244?
True
Does 154 divide 3582810?
True
Is 25824136 a multiple of 26?
True
Is 655264 a multiple of 3?
False
Is 5 a factor of 72210?
True
Does 154 divide 2490796?
True
Does 387 divide 12130902?
True
Is 2255 a factor of 66793100?
True
Is 4211214 a multiple of 5?
False
Is 743340642 a multiple of 28?
False
Is 132 a factor of 2035852764?
True
Does 31 divide 5102538?
True
Is 18 a factor of 17486064?
True
Is 452899195 a multiple of 1045?
False
Is 11 a factor of 12261541?
False
Does 361 divide 66947595?
False
Does 3281 divide 523738041?
False
Is 98 a factor of 133811552?
True
Does 9 divide 475875?
True
Is 371275279 a multiple of 37?
True
Does 40 divide 1286463040?
True
Is 388 a factor of 605348033?
False
Does 715 divide 61031685?
True
Does 3641 divide 672441726?
True
Does 158 divide 3932146?
True
Does 188 divide 2017239060?
True
Is 234931860 a multiple of 9?
True
Does 90 divide 7090321063?
False
Is 81 a factor of 72299928?
False
Is 878 a factor of 60265920?
True
Is 498311879 a multiple of 1375?
False
Is 200246304 a multiple of 93?
False
Is 45031044 a multiple of 12?
True
Is 14 a factor of 31929610?
False
Is 1249 a factor of 115431127?
False
Is 125 a factor of 29428469?
False
Does 9689 divide 487487894?
False
Is 2853232730 a multiple of 158?
True
Is 204 a factor of 25895760?
True
Is 184 a factor of 5299196827?
False
Is 34228847 a multiple of 14?
False
Is 2994226872 a multiple of 56?
True
Does 7 divide 470298902?
False
Is 2663022474 a multiple of 378?
True
Is 23 a factor of 363792535?
False
Does 2052 divide 1136017811?
False
Is 1460640 a multiple of 40?
True
Is 7 